or of 4 and 27716952.
4
Calculate the highest common factor of 319 and 3598496.
11
Calculate the highest common factor of 26 and 1389514.
2
What is the highest common divisor of 393635 and 47685?
935
What is the highest common divisor of 2057354 and 1378?
1378
Calculate the highest common divisor of 45 and 4993463205.
45
What is the greatest common factor of 45991328 and 32?
32
What is the greatest common divisor of 164 and 746116688?
164
Calculate the greatest common factor of 1535 and 145790.
5
Calculate the highest common factor of 537996394 and 5538.
1846
What is the highest common divisor of 197223154 and 4522?
646
What is the highest common divisor of 908 and 86692?
4
What is the greatest common divisor of 800 and 417686080?
160
Calculate the greatest common factor of 3585 and 22910.
5
Calculate the greatest common divisor of 158400 and 6615600.
1200
Calculate the greatest common factor of 804 and 7635052.
268
Calculate the highest common factor of 17088128 and 6528.
2176
Calculate the highest common divisor of 65 and 17671693.
13
Calculate the highest common factor of 2080970 and 60690.
170
Calculate the greatest common divisor of 492065 and 3535.
35
What is the greatest common divisor of 97 and 2711212759?
97
Calculate the greatest common factor of 75897920 and 158410.
2170
Calculate the greatest common factor of 9687088 and 176.
16
What is the greatest common divisor of 7514790 and 9?
3
Calculate the highest common factor of 88444039 and 46.
23
What is the greatest common factor of 299856 and 396912?
48
Calculate the greatest common divisor of 862706531 and 17.
17
What is the greatest common divisor of 54093824 and 427?
61
What is the highest common factor of 26033155 and 116?
29
Calculate the highest common factor of 5 and 135554995.
5
What is the greatest common factor of 781401 and 24?
3
What is the greatest common divisor of 356037644 and 1460?
292
Calculate the greatest common divisor of 170975 and 388675.
175
Calculate the greatest common factor of 6489305 and 24265.
1055
Calculate the greatest common factor of 1664728619 and 157.
157
What is the highest common divisor of 10 and 1207114?
2
Calculate the highest common divisor of 1030796 and 4255108.
2236
Calculate the greatest common divisor of 2028 and 1327638.
78
What is the highest common divisor of 42 and 570137358?
42
Calculate the greatest common divisor of 1526 and 4339.
1
What is the greatest common divisor of 5019 and 355614?
21
What is the highest common factor of 6058878 and 42?
42
Calculate the greatest common divisor of 7289536 and 142.
2
Calculate the highest common divisor of 1473782 and 2236.
86
What is the highest common factor of 2421 and 393993271?
269
What is the greatest common factor of 103149 and 408357?
1413
Calculate the highest common factor of 613166 and 278520.
422
What is the greatest common factor of 45164 and 5215?
7
Calculate the greatest common factor of 22572195 and 30.
15
Calculate the greatest common divisor of 1412 and 6341645.
353
What is the highest common factor of 12612 and 28668?
12
Calculate the highest common divisor of 1240 and 18293813.
31
Calculate the greatest common factor of 16445 and 2098129.
253
What is the highest common divisor of 1105 and 77675?
65
What is the greatest common divisor of 3849 and 257964?
3
Calculate the highest common factor of 21135 and 3625357.
1409
Calculate the highest common factor of 85500 and 6825.
75
Calculate the greatest common divisor of 92983 and 4031225.
1177
What is the greatest common divisor of 4 and 2951632?
4
What is the greatest common factor of 293025856 and 15936?
5312
What is the greatest common factor of 360646 and 93896?
2134
Calculate the highest common divisor of 1394 and 8772.
34
What is the greatest common divisor of 331092 and 57887?
541
Calculate the highest common divisor of 1659 and 48269158.
553
What is the highest common divisor of 1092 and 40435304?
364
Calculate the greatest common factor of 8704 and 570690.
34
Calculate the greatest common factor of 31588775 and 20413.
137
Calculate the highest common factor of 4844 and 18398723.
1211
What is the greatest common divisor of 10826 and 209520991?
5413
What is the highest common divisor of 100282875 and 231?
231
What is the greatest common factor of 267560 and 243160?
40
Calculate the highest common divisor of 45866 and 10761612.
2414
Calculate the greatest common divisor of 6193005 and 43625.
1745
What is the greatest common factor of 14894658 and 81?
27
What is the highest common factor of 1064030 and 1100?
110
What is the highest common factor of 7899111 and 193461?
3279
What is the highest common divisor of 1393 and 426047657?
1393
What is the highest common divisor of 1544638 and 59302?
398
Calculate the greatest common factor of 446 and 52432206.
446
Calculate the highest common divisor of 94535286 and 30891.
4413
Calculate the greatest common divisor of 149095 and 80.
5
Calculate the greatest common factor of 9 and 1105515.
9
What is the greatest common factor of 42 and 865982082?
42
What is the highest common divisor of 593078 and 14191?
23
Calculate the greatest common divisor of 8211 and 827237.
17
What is the highest common divisor of 282184378 and 138?
46
What is the greatest common divisor of 1800 and 4951500?
300
Calculate the greatest common divisor of 7240373 and 35.
7
Calculate the greatest common factor of 317752671 and 129.
129
Calculate the greatest common factor of 866 and 60763323.
433
What is the greatest common divisor of 406098 and 42714?
126
What is the highest common factor of 1898 and 167316?
146
What is the highest common factor of 2524124 and 246?
82
Calculate the greatest common divisor of 229 and 69753629.
229
Calculate the greatest common factor of 29512325 and 25.
25
What is the greatest common factor of 2564644 and 232?
116
What is the greatest common divisor of 75187144 and 1896?
632
What is the greatest common factor of 3813 and 3170658207?
3813
Calculate the greatest common divisor of 535 and 21551405.
535
Calculate the highest common factor of 277173936 and 576.
144
Calculate the highest common divisor of 1 and 135638901.
1
Calculate the greatest common factor of 649678602 and 3.
3
What is the greatest common divisor of 1185 and 12326765?
395
Calculate the highest common divisor of 1161258 and 201369.
903
Calculate the greatest common factor of 13747908 and 360.
12
What is the greatest common factor of 952 and 7702520?
56
What is the highest common factor of 910 and 2175614?
14
Calculate the greatest common divisor of 23167298 and 26411.
539
What is the highest common factor of 57050 and 55909?
1141
What is the highest common divisor of 329556 and 258531?
2841
What is the highest common divisor of 606116 and 868?
28
What is the highest common divisor of 11 and 784503808?
11
Calculate the greatest common divisor of 8 and 20482.
2
What is the highest common divisor of 3148 and 15801386?
1574
What is the highest common divisor of 645525 and 55866225?
11325
What is the greatest common factor of 25901 and 839924?
59
What is the greatest common factor of 7851969 and 9?
9
Calculate the highest common divisor of 100491351 and 545.
109
Calculate the highest common factor of 77777007 and 10626.
5313
What is the greatest common divisor of 37111 and 133163?
2183
What is the greatest common divisor of 7122479 and 966?
161
What is the greatest common factor of 295169 and 20860?
1043
What is the greatest common factor of 2245396 and 116?
4
Calculate the highest common divisor of 31832 and 1184.
8
What is the greatest common factor of 15570 and 12481258?
346
What is the greatest common factor of 3295 and 122355?
5
What is the highest common divisor of 58784 and 5851296?
352
What is the greatest common factor of 11790812 and 11132?
1012
What is the highest common factor of 25519 and 78975?
13
Calculate the greatest common factor of 65 and 1068847.
13
What is the highest common factor of 307694485 and 7035?
2345
What is the highest common factor of 23462241 and 165?
33
What is the greatest common divisor of 20287389 and 12?
3
What is the greatest common divisor of 213 and 672780735?
213
What is the highest common divisor of 152 and 61012876?
76
What is the highest common divisor of 1584 and 102446080?